{"id":45,"date":"2015-11-24T11:06:13","date_gmt":"2015-11-24T11:06:13","guid":{"rendered":"http:\/\/mit-se.net\/?page_id=45"},"modified":"2015-11-24T12:29:18","modified_gmt":"2015-11-24T12:29:18","slug":"geraete-fuer-den-anschluss-am-glasfasernetz","status":"publish","type":"page","link":"http:\/\/mit-se.net\/?page_id=45","title":{"rendered":"Ger\u00e4te f\u00fcr den Anschluss am Glasfasernetz"},"content":{"rendered":"<p>Eine der Hauptfrage unserer Kunden betrifft die Weiterverwendung des bisher genutzten Routers.\u00a0 Dabei sollten Sie folgende \u00dcberlegungen in Ihre Entscheidung einbeziehen:<\/p>\n<ol>\n<li><em><strong>Mietger\u00e4t<\/strong><\/em> &#8211; Der von Ihnen genutzte Router ist ein Mietger\u00e4t. H\u00e4ufig handelt es sich um speziell angepasste Ger\u00e4te, die nicht unbedingt den vollen Funktionsumfang im Vergleich zu frei verk\u00e4uflichen Ger\u00e4ten haben. Wir empfehlen die R\u00fcckgabe des Ger\u00e4tes<\/li>\n<li><em><strong>Ger\u00e4tealter<\/strong><\/em> &#8211; \u00c4ltere Ger\u00e4te unterst\u00fctzen oftmals nicht die volle Geschwindigkeit. Gerade im Bereich des WLAN-Empfangs bieten aktuelle Ger\u00e4te einen deutlichen Vorteil.<\/li>\n<\/ol>\n<p>Anbei finden Sie eine \u00dcbersicht der von uns am Glasfaseranschluss getesteten Ger\u00e4te.<\/p>\n<p><em><strong>AVM<\/strong><\/em><br \/>\nFritz!Box 7490, Fritz!Box 7430WLAN,\u00a0Fritz!Box 7360, Fritz!Box 7330, 7570 VDSL,\u00a0 WLAN 7390,\u00a0 WLAN 7340, WLAN 7320, WLAN 7270, WLAN 7240, WLAN 7170 SL, WLAN 7141, WLAN 7140,\u00a0 WLAN 7140 SL, WLAN 7113, WLAN 7112, WLAN 7050,<br \/>\nFritz!Box 4020<br \/>\nFritz!Box 3490,\u00a0Fritz!Box 3390, WLAN 3370, WLAN 3270,<br \/>\nFon 5140, Fon 5050, Fon 5012, Fon 5010, Fon 5010 SL<\/p>\n<p><em><strong>D-Link<\/strong><\/em><br \/>\nDIR-600, DIR-615, DIR-635, DIR-652, DIR-655, DIR-815,<\/p>\n<p><em><strong>Vodafone<\/strong><\/em><br \/>\nEasyBox 903, EasyBox803<\/p>\n<p><em><strong>Zyxel<\/strong><\/em><br \/>\nNBG 417, NBG 419, NBG 4615, NBG 460, NBG 5715, ZyWall 2(+)WG, ZyWall USG 20<\/p>\n<p>Diese Liste erhebt keinen Anspruch auf Vollz\u00e4hligkeit. OpenSource Projekte (z.B. Speedport frizten) sind ebenfalls nicht ber\u00fccksichtigt.<\/p>\n<p>&nbsp;<\/p>\n<p>&nbsp;<\/p>\n<p>&nbsp;<\/p>\n","protected":false},"excerpt":{"rendered":"<p>Eine der Hauptfrage unserer Kunden betrifft die Weiterverwendung des bisher genutzten Routers.\u00a0 Dabei sollten Sie folgende \u00dcberlegungen in Ihre Entscheidung einbeziehen: Mietger\u00e4t &#8211; Der von Ihnen genutzte Router ist ein Mietger\u00e4t. H\u00e4ufig handelt es sich um speziell angepasste Ger\u00e4te, die nicht unbedingt den vollen Funktionsumfang im Vergleich zu frei verk\u00e4uflichen Ger\u00e4ten haben. Wir empfehlen die &hellip; <a href=\"http:\/\/mit-se.net\/?page_id=45\" class=\"more-link\"><span class=\"screen-reader-text\">Ger\u00e4te f\u00fcr den Anschluss am Glasfasernetz<\/span> weiterlesen <span class=\"meta-nav\">&rarr;<\/span><\/a><\/p>\n","protected":false},"author":1,"featured_media":49,"parent":0,"menu_order":0,"comment_status":"closed","ping_status":"closed","template":"","meta":[],"_links":{"self":[{"href":"http:\/\/mit-se.net\/index.php?rest_route=\/wp\/v2\/pages\/45"}],"collection":[{"href":"http:\/\/mit-se.net\/index.php?rest_route=\/wp\/v2\/pages"}],"about":[{"href":"http:\/\/mit-se.net\/index.php?rest_route=\/wp\/v2\/types\/page"}],"author":[{"embeddable":true,"href":"http:\/\/mit-se.net\/index.php?rest_route=\/wp\/v2\/users\/1"}],"replies":[{"embeddable":true,"href":"http:\/\/mit-se.net\/index.php?rest_route=%2Fwp%2Fv2%2Fcomments&post=45"}],"version-history":[{"count":3,"href":"http:\/\/mit-se.net\/index.php?rest_route=\/wp\/v2\/pages\/45\/revisions"}],"predecessor-version":[{"id":51,"href":"http:\/\/mit-se.net\/index.php?rest_route=\/wp\/v2\/pages\/45\/revisions\/51"}],"wp:featuredmedia":[{"embeddable":true,"href":"http:\/\/mit-se.net\/index.php?rest_route=\/wp\/v2\/media\/49"}],"wp:attachment":[{"href":"http:\/\/mit-se.net\/index.php?rest_route=%2Fwp%2Fv2%2Fmedia&parent=45"}],"curies":[{"name":"wp","href":"https:\/\/api.w.org\/{rel}","templated":true}]}}